{"id":218,"date":"2021-09-03T09:04:19","date_gmt":"2021-09-03T06:04:19","guid":{"rendered":"https:\/\/portfoo.wordpress.com\/?page_id=218"},"modified":"2023-11-23T12:52:03","modified_gmt":"2023-11-23T10:52:03","slug":"andmebaasid","status":"publish","type":"page","link":"https:\/\/merkulova.thkit.ee\/wp20\/andmebaasid\/","title":{"rendered":"Andmebaasid"},"content":{"rendered":"\n<figure class=\"wp-block-table\"><table><tbody><tr><td><strong>Text<\/strong><\/td><td><strong>Number<\/strong><\/td><td><strong>muu<\/strong><\/td><\/tr><tr><td>VARCHAR(255)<br>Text<br>CHAR(10)<br>CHARACTER(20)<br><\/td><td>INT<br>SMALLINT<br>BITE<br>Numeric (5,2) <br>Decimal(5,2) &#8211; \u0434\u0435\u0441\u044f\u0442\u0438\u0447\u043d\u043e\u0435 \u0447\u0438\u0441\u043b\u043e, \u0433\u0434\u0435 2 &#8211; \u043a\u043e\u043b\u0438\u0447\u0435\u0441\u0442\u0432\u043e \u0437\u043d\u0430\u043a\u043e\u0432 \u043f\u043e\u0441\u043b\u0435 \u0437\u0430\u043f\u044f\u0442\u043e\u0439, \u0430 5 &#8211; \u0432\u0441\u0435\u0433\u043e \u0437\u043d\u0430\u043a\u043e\u0432<br>Counter &#8211; \u0441\u0447\u0435\u0442\u0447\u0438\u043a<\/td><td>1.date\/time<br>date<br>time<br>INTERVAL- \u0434\u043b\u044f \u0445\u0440\u0430\u043d\u0435\u043d\u0438\u044f \u0432\u0440\u0435\u043c\u0435\u043d\u043d\u043e\u0433\u043e \u0438\u043d\u0442\u0435\u0440\u0432\u0430\u043b\u0430<br>2.\u043b\u043e\u0433\u0438\u0447\u0435\u0441\u043a\u0438\u0439 &#8211; BOOL, BOOLEAN, BIT, Yes\/No<\/td><\/tr><\/tbody><\/table><\/figure>\n\n\n\n<blockquote class=\"wp-block-quote is-layout-flow wp-block-quote-is-layout-flow\">\n<p>\u0440\u0435\u043b\u044f\u0446\u0438\u043e\u043d\u043d\u0430\u044f \u0411\u0414 (Relation &#8211; \u043e\u0442\u043d\u043e\u0448\u0435\u043d\u0438\u0435, \u0441\u0432\u044f\u0437\u044c) &#8211; \u0411\u0414 \u043f\u043e\u0441\u0442\u0440\u043e\u0435\u043d\u043d\u0430\u044f \u043d\u0430 \u0441\u0432\u044f\u0437\u0430\u043d\u043d\u044b\u0445 \u043c\u0435\u0436\u0434\u0443 \u0441\u043e\u0431\u043e\u0439 \u0442\u0430\u0431\u043b\u0438\u0446\u0430\u0445<\/p>\n<\/blockquote>\n\n\n\n<p>SQL &#8211; <strong>Structured Query Language<\/strong> <\/p>\n\n\n\n<p>DDL &#8211; Data Definition Language &#8211; \u0434\u043b\u044f \u0441\u043e\u0437\u0434\u0430\u043d\u044f \u0442\u0430\u0431\u043b\u0438\u0446 \u0438 \u0438\u0445 \u043e\u043f\u0440\u0435\u0434\u0435\u043b\u0435\u043d\u0438\u044f &#8211; CREATE TABLE, DROP TABLE, ALTER TABLE<br>DML &#8211; Data Manipulation Language &#8211; \u0434\u043b\u044f \u043f\u043e\u0438\u0441\u043a\u0430 \u0438 \u0432\u044b\u0431\u043e\u0440\u043a\u0438 \u0434\u0430\u043d\u043d\u044b\u0445 &#8211; SELECT, UPDATE, DELETE<\/p>\n\n\n<div class=\"wp-block-syntaxhighlighter-code \"><pre class=\"brush: sql; title: ; notranslate\" title=\"\">\nCREATE TABLE opilane( \/tabeli loomine\/\nid int PRIMARY KEY Auto_increment,\neesnimi varchar(20),\nperenimi varchar(20) not null,\nsynnipaev date,\nisikukood char(11)\n\n)\n<\/pre><\/div>\n\n\n<p>Primary KEY &#8211; PK &#8211; \u0430\u0442\u0440\u0438\u0431\u0443\u0442 \/ \u0438\u043b\u0438 \u0438\u0445 \u043d\u0430\u0431\u043e\u0440, \u043a\u043e\u0442\u043e\u0440\u044b\u0439 \u0443\u043d\u0438\u043a\u0430\u043b\u044c\u043d\u043e \u043e\u043f\u0440\u0435\u0434\u0435\u043b\u044f\u044e\u0442 \u0441\u0442\u0440\u043e\u043a\u0443<br>\u043d\u0435 \u0431\u044b\u0432\u0430\u0435\u0442 \u0434\u0432\u0443\u0445 \u043e\u0434\u0438\u043d\u0430\u043a\u043e\u0432\u044b\u0445 \u0437\u043d\u0430\u0447\u0435\u043d\u0438\u0439 \u043f\u0435\u0440\u0432\u0438\u0447\u043d\u043e\u0433\u043e \u043a\u043b\u044e\u0447\u0430! AUTO_INCREMENT &#8211; \u0430\u0432\u0442\u043e\u043c\u0430\u0442\u0438\u0447\u0435\u0441\u043a\u043e\u0435 \u0437\u0430\u043f\u043e\u043b\u043d\u0435\u043d\u0438\u0435 \u043a\u043b\u044e\u0447\u0435\u0432\u043e\u0433\u043e \u043f\u043b\u044f \u0432\u043e\u0437\u0440\u0430\u0441\u0442\u0430\u044e\u0449\u0438\u043c\u0438 \u0437\u043d\u0430\u0447\u0435\u043d\u0438\u044f\u043c\u0438 1,2,&#8230;.<\/p>\n\n\n\n<p>Foreign KEY -FK &#8211; \u0432\u0442\u043e\u0440\u0438\u0447\u043d\u044b\u0439 \u043a\u043b\u044e\u0447 &#8211; \u0441\u0432\u044f\u0437\u044c \u043c\u0435\u0436\u0434\u0443 \u0442\u0430\u0431\u043b\u0438\u0446\u0430\u043c\u0438. \u0412\u0442\u043e\u0440\u0438\u0447\u043d\u044b\u0439 \u043a\u043b\u044e\u0447 \u0441\u043e\u0434\u0435\u0440\u0436\u0438\u0442 \u0441\u0441\u044b\u043b\u043a\u0443 \u043d\u0430 PK \u0434\u0440\u0443\u0433\u043e\u0439 \u0442\u0430\u0431\u043b\u0438\u0446\u044b.<\/p>\n\n\n\n<p>\u0412\u044b\u0431\u0440\u0430\u0442\u044c \u0432\u0441\u0435 \u0437\u043d\u0430\u0447\u0435\u043d\u0438\u044f \u0438\u0437 \u0442\u0430\u0431\u043b\u0438\u0446\u044b \/ Vali k\u00f5ik v\u00e4\u00e4rtused (*) tabelist<br><strong>SELECT * FROM tableName<\/strong><br>\u043a\u043e\u043d\u043a\u0440\u0435\u0442\u043d\u044b\u0435 \u0441\u0442\u043e\u043b\u0431\u0446\u044b \u2013 \u043f\u043e\u043b\u044f \/ konkreetsed v\u00e4ljad<br><code><a href=\"http:\/\/localhost\/phpmyadmin\/url.php?url=https:\/\/dev.mysql.com\/doc\/refman\/5.5\/en\/select.html\">SELECT<\/a>&nbsp;perenimi, sugu from autorid<\/code><\/p>\n\n\n\n<p><strong>\u0423\u0441\u043b\u043e\u0432\u0438\u0435. Tingimus<\/strong><\/p>\n\n\n\n<ol class=\"wp-block-list\">\n<li>\u0418\u043c\u044f \u043d\u0430\u0447\u0438\u043d\u0430\u0435\u0442\u0441\u044f \u043d\u0430 \u0431\u0443\u043a\u0432\u0443 A<br><code><a href=\"http:\/\/localhost\/phpmyadmin\/url.php?url=https:\/\/dev.mysql.com\/doc\/refman\/5.5\/en\/select.html\">SELECT<\/a>&nbsp;perenimi, sugu from autorid WHERE perenimi&nbsp;<a href=\"http:\/\/localhost\/phpmyadmin\/url.php?url=https:\/\/dev.mysql.com\/doc\/refman\/5.5\/en\/string-comparison-functions.html#operator_like\">LIKE<\/a>&nbsp;'A%'<\/code><br>\u0432\u043c\u0435\u0441\u0442\u043e % \u043c\u043e\u0436\u043d\u043e *<\/li>\n\n\n\n<li>\u0412\u0441\u0435, \u043a\u0442\u043e \u0440\u043e\u0434\u0438\u043b\u0441\u044f \u0432 21 \u0432\u0435\u043a\u0435<br><code><a href=\"http:\/\/localhost\/phpmyadmin\/url.php?url=https:\/\/dev.mysql.com\/doc\/refman\/5.5\/en\/select.html\">SELECT<\/a>&nbsp;* from autorid WHERE synniaasta &gt;= 2000<\/code><\/li>\n\n\n\n<li>\u043c\u0435\u0436\u0434\u0443 2000 \u0438 2021<br><code><a href=\"http:\/\/localhost\/phpmyadmin\/url.php?url=https:\/\/dev.mysql.com\/doc\/refman\/5.5\/en\/select.html\">SELECT<\/a>&nbsp;* from autorid<\/code><br><code>WHERE synniaasta &gt;= 2000<\/code>&nbsp;AND&nbsp;<code>synniaasta &lt;= 2021<\/code><\/li>\n\n\n\n<li>AND<br>OR<br>\u043d\u0430\u0439\u0442\u0438 \u0432\u0441\u0435\u0445 \u043b\u044e\u0434\u0435\u0439, \u0447\u044c\u0435 \u0438\u043c\u044f \u043d\u0430\u0447\u0438\u043d\u0430\u0435\u0442\u0441\u044f \u043d\u0430 \u0410 \u0438 \u0440\u043e\u0434\u0438\u043b\u0438\u0441\u044c \u0432 2000 \u0433\u043e\u0434\u0443<br><code><a href=\"http:\/\/localhost\/phpmyadmin\/url.php?url=https:\/\/dev.mysql.com\/doc\/refman\/5.5\/en\/select.html\">SELECT<\/a>&nbsp;* from autorid<\/code><br><code>WHERE nimi LIKE 'A%'&nbsp;<\/code>AND&nbsp;<code>synniaasta = 2000<\/code><\/li>\n\n\n\n<li>\u0421\u043e\u0440\u0442\u0438\u0440\u043e\u0432\u043a\u0430 \/ Sorteerimine<br>ORDER by<br><strong>SELECT * FROM autorid<br>ORDER by synniasta DESC<\/strong><br>DESC \u2013 \u0443\u0431\u044b\u0432\u0430\u044e\u0449\u0438\u0439 \u043f\u043e\u0440\u044f\u0434\u043e\u043a \u0441\u043e\u0440\u0442\u0438\u0440\u043e\u0432\u043a\u0438<br><br><br><br>\u00dclesanded.<br>Leia k\u00f5ik raamatud, hinnaga rohkem kui \u2026.<br>Leia k\u00f5ik raamatud, mis sisaldavad oma nimes kaks t\u00e4hte (..ta..)<br>Leia k\u00f5ik raamatud, mis sisaldavad \u2026ta\u2026 ja hinnaga v\u00e4iksem 10 euro.<\/li>\n<\/ol>\n","protected":false},"excerpt":{"rendered":"<p>Text Number muu VARCHAR(255)TextCHAR(10)CHARACTER(20) INTSMALLINTBITENumeric (5,2) Decimal(5,2) &#8211; \u0434\u0435\u0441\u044f\u0442\u0438\u0447\u043d\u043e\u0435 \u0447\u0438\u0441\u043b\u043e, \u0433\u0434\u0435 2 &#8211; \u043a\u043e\u043b\u0438\u0447\u0435\u0441\u0442\u0432\u043e \u0437\u043d\u0430\u043a\u043e\u0432 \u043f\u043e\u0441\u043b\u0435 \u0437\u0430\u043f\u044f\u0442\u043e\u0439, \u0430 5 &#8211; \u0432\u0441\u0435\u0433\u043e \u0437\u043d\u0430\u043a\u043e\u0432Counter &#8211; \u0441\u0447\u0435\u0442\u0447\u0438\u043a 1.date\/timedatetimeINTERVAL- \u0434\u043b\u044f \u0445\u0440\u0430\u043d\u0435\u043d\u0438\u044f \u0432\u0440\u0435\u043c\u0435\u043d\u043d\u043e\u0433\u043e \u0438\u043d\u0442\u0435\u0440\u0432\u0430\u043b\u04302.\u043b\u043e\u0433\u0438\u0447\u0435\u0441\u043a\u0438\u0439 &#8211; BOOL, BOOLEAN, BIT, Yes\/No \u0440\u0435\u043b\u044f\u0446\u0438\u043e\u043d\u043d\u0430\u044f \u0411\u0414 (Relation &#8211; \u043e\u0442\u043d\u043e\u0448\u0435\u043d\u0438\u0435, \u0441\u0432\u044f\u0437\u044c) &#8211; \u0411\u0414 \u043f\u043e\u0441\u0442\u0440\u043e\u0435\u043d\u043d\u0430\u044f \u043d\u0430 \u0441\u0432\u044f\u0437\u0430\u043d\u043d\u044b\u0445 \u043c\u0435\u0436\u0434\u0443 \u0441\u043e\u0431\u043e\u0439 \u0442\u0430\u0431\u043b\u0438\u0446\u0430\u0445 SQL &#8211; Structured Query Language DDL &#8211; [&hellip;]<\/p>\n","protected":false},"author":1,"featured_media":0,"parent":0,"menu_order":0,"comment_status":"closed","ping_status":"closed","template":"","meta":{"footnotes":""},"class_list":["post-218","page","type-page","status-publish","hentry"],"yoast_head":"<!-- This site is optimized with the Yoast SEO plugin v25.8 - https:\/\/yoast.com\/wordpress\/plugins\/seo\/ -->\n<title>Andmebaasid - Irina Merkulova &otilde;pimapp | portfoolio<\/title>\n<meta name=\"robots\" content=\"index, follow, max-snippet:-1, max-image-preview:large, max-video-preview:-1\" \/>\n<link rel=\"canonical\" href=\"https:\/\/merkulova.thkit.ee\/wp20\/andmebaasid\/\" \/>\n<meta property=\"og:locale\" content=\"et_EE\" \/>\n<meta property=\"og:type\" content=\"article\" \/>\n<meta property=\"og:title\" content=\"Andmebaasid - Irina Merkulova &otilde;pimapp | portfoolio\" \/>\n<meta property=\"og:description\" content=\"Text Number muu VARCHAR(255)TextCHAR(10)CHARACTER(20) INTSMALLINTBITENumeric (5,2) Decimal(5,2) &#8211; \u0434\u0435\u0441\u044f\u0442\u0438\u0447\u043d\u043e\u0435 \u0447\u0438\u0441\u043b\u043e, \u0433\u0434\u0435 2 &#8211; \u043a\u043e\u043b\u0438\u0447\u0435\u0441\u0442\u0432\u043e \u0437\u043d\u0430\u043a\u043e\u0432 \u043f\u043e\u0441\u043b\u0435 \u0437\u0430\u043f\u044f\u0442\u043e\u0439, \u0430 5 &#8211; \u0432\u0441\u0435\u0433\u043e \u0437\u043d\u0430\u043a\u043e\u0432Counter &#8211; \u0441\u0447\u0435\u0442\u0447\u0438\u043a 1.date\/timedatetimeINTERVAL- \u0434\u043b\u044f \u0445\u0440\u0430\u043d\u0435\u043d\u0438\u044f \u0432\u0440\u0435\u043c\u0435\u043d\u043d\u043e\u0433\u043e \u0438\u043d\u0442\u0435\u0440\u0432\u0430\u043b\u04302.\u043b\u043e\u0433\u0438\u0447\u0435\u0441\u043a\u0438\u0439 &#8211; BOOL, BOOLEAN, BIT, Yes\/No \u0440\u0435\u043b\u044f\u0446\u0438\u043e\u043d\u043d\u0430\u044f \u0411\u0414 (Relation &#8211; \u043e\u0442\u043d\u043e\u0448\u0435\u043d\u0438\u0435, \u0441\u0432\u044f\u0437\u044c) &#8211; \u0411\u0414 \u043f\u043e\u0441\u0442\u0440\u043e\u0435\u043d\u043d\u0430\u044f \u043d\u0430 \u0441\u0432\u044f\u0437\u0430\u043d\u043d\u044b\u0445 \u043c\u0435\u0436\u0434\u0443 \u0441\u043e\u0431\u043e\u0439 \u0442\u0430\u0431\u043b\u0438\u0446\u0430\u0445 SQL &#8211; Structured Query Language DDL &#8211; [&hellip;]\" \/>\n<meta property=\"og:url\" content=\"https:\/\/merkulova.thkit.ee\/wp20\/andmebaasid\/\" \/>\n<meta property=\"og:site_name\" content=\"Irina Merkulova &otilde;pimapp | portfoolio\" \/>\n<meta property=\"article:modified_time\" content=\"2023-11-23T10:52:03+00:00\" \/>\n<meta name=\"twitter:card\" content=\"summary_large_image\" \/>\n<meta name=\"twitter:label1\" content=\"Est. reading time\" \/>\n\t<meta name=\"twitter:data1\" content=\"1 minut\" \/>\n<script type=\"application\/ld+json\" class=\"yoast-schema-graph\">{\"@context\":\"https:\/\/schema.org\",\"@graph\":[{\"@type\":\"WebPage\",\"@id\":\"https:\/\/merkulova.thkit.ee\/wp20\/andmebaasid\/\",\"url\":\"https:\/\/merkulova.thkit.ee\/wp20\/andmebaasid\/\",\"name\":\"Andmebaasid - Irina Merkulova &otilde;pimapp | portfoolio\",\"isPartOf\":{\"@id\":\"https:\/\/merkulova.thkit.ee\/wp20\/#website\"},\"datePublished\":\"2021-09-03T06:04:19+00:00\",\"dateModified\":\"2023-11-23T10:52:03+00:00\",\"breadcrumb\":{\"@id\":\"https:\/\/merkulova.thkit.ee\/wp20\/andmebaasid\/#breadcrumb\"},\"inLanguage\":\"et\",\"potentialAction\":[{\"@type\":\"ReadAction\",\"target\":[\"https:\/\/merkulova.thkit.ee\/wp20\/andmebaasid\/\"]}]},{\"@type\":\"BreadcrumbList\",\"@id\":\"https:\/\/merkulova.thkit.ee\/wp20\/andmebaasid\/#breadcrumb\",\"itemListElement\":[{\"@type\":\"ListItem\",\"position\":1,\"name\":\"\u0413\u043b\u0430\u0432\u043d\u0430\u044f \u0441\u0442\u0440\u0430\u043d\u0438\u0446\u0430\",\"item\":\"https:\/\/merkulova.thkit.ee\/wp20\/\"},{\"@type\":\"ListItem\",\"position\":2,\"name\":\"Andmebaasid\"}]},{\"@type\":\"WebSite\",\"@id\":\"https:\/\/merkulova.thkit.ee\/wp20\/#website\",\"url\":\"https:\/\/merkulova.thkit.ee\/wp20\/\",\"name\":\"Veebirakenduse portfoolio\",\"description\":\"Noorem Tarkvaraarendaja eriala\",\"publisher\":{\"@id\":\"https:\/\/merkulova.thkit.ee\/wp20\/#\/schema\/person\/3e81f4867c46822cdeca159fa89142ae\"},\"potentialAction\":[{\"@type\":\"SearchAction\",\"target\":{\"@type\":\"EntryPoint\",\"urlTemplate\":\"https:\/\/merkulova.thkit.ee\/wp20\/?s={search_term_string}\"},\"query-input\":{\"@type\":\"PropertyValueSpecification\",\"valueRequired\":true,\"valueName\":\"search_term_string\"}}],\"inLanguage\":\"et\"},{\"@type\":[\"Person\",\"Organization\"],\"@id\":\"https:\/\/merkulova.thkit.ee\/wp20\/#\/schema\/person\/3e81f4867c46822cdeca159fa89142ae\",\"name\":\"admin\",\"image\":{\"@type\":\"ImageObject\",\"inLanguage\":\"et\",\"@id\":\"https:\/\/merkulova.thkit.ee\/wp20\/#\/schema\/person\/image\/\",\"url\":\"https:\/\/secure.gravatar.com\/avatar\/4c53fa504772b2274d9d09d84825a2c569865fca538b5b70247d8f1668b9eb51?s=96&d=mm&r=g\",\"contentUrl\":\"https:\/\/secure.gravatar.com\/avatar\/4c53fa504772b2274d9d09d84825a2c569865fca538b5b70247d8f1668b9eb51?s=96&d=mm&r=g\",\"caption\":\"admin\"},\"logo\":{\"@id\":\"https:\/\/merkulova.thkit.ee\/wp20\/#\/schema\/person\/image\/\"},\"sameAs\":[\"https:\/\/merkulova.thkit.ee\/wp20\"]}]}<\/script>\n<!-- \/ Yoast SEO plugin. -->","yoast_head_json":{"title":"Andmebaasid - Irina Merkulova &otilde;pimapp | portfoolio","robots":{"index":"index","follow":"follow","max-snippet":"max-snippet:-1","max-image-preview":"max-image-preview:large","max-video-preview":"max-video-preview:-1"},"canonical":"https:\/\/merkulova.thkit.ee\/wp20\/andmebaasid\/","og_locale":"et_EE","og_type":"article","og_title":"Andmebaasid - Irina Merkulova &otilde;pimapp | portfoolio","og_description":"Text Number muu VARCHAR(255)TextCHAR(10)CHARACTER(20) INTSMALLINTBITENumeric (5,2) Decimal(5,2) &#8211; \u0434\u0435\u0441\u044f\u0442\u0438\u0447\u043d\u043e\u0435 \u0447\u0438\u0441\u043b\u043e, \u0433\u0434\u0435 2 &#8211; \u043a\u043e\u043b\u0438\u0447\u0435\u0441\u0442\u0432\u043e \u0437\u043d\u0430\u043a\u043e\u0432 \u043f\u043e\u0441\u043b\u0435 \u0437\u0430\u043f\u044f\u0442\u043e\u0439, \u0430 5 &#8211; \u0432\u0441\u0435\u0433\u043e \u0437\u043d\u0430\u043a\u043e\u0432Counter &#8211; \u0441\u0447\u0435\u0442\u0447\u0438\u043a 1.date\/timedatetimeINTERVAL- \u0434\u043b\u044f \u0445\u0440\u0430\u043d\u0435\u043d\u0438\u044f \u0432\u0440\u0435\u043c\u0435\u043d\u043d\u043e\u0433\u043e \u0438\u043d\u0442\u0435\u0440\u0432\u0430\u043b\u04302.\u043b\u043e\u0433\u0438\u0447\u0435\u0441\u043a\u0438\u0439 &#8211; BOOL, BOOLEAN, BIT, Yes\/No \u0440\u0435\u043b\u044f\u0446\u0438\u043e\u043d\u043d\u0430\u044f \u0411\u0414 (Relation &#8211; \u043e\u0442\u043d\u043e\u0448\u0435\u043d\u0438\u0435, \u0441\u0432\u044f\u0437\u044c) &#8211; \u0411\u0414 \u043f\u043e\u0441\u0442\u0440\u043e\u0435\u043d\u043d\u0430\u044f \u043d\u0430 \u0441\u0432\u044f\u0437\u0430\u043d\u043d\u044b\u0445 \u043c\u0435\u0436\u0434\u0443 \u0441\u043e\u0431\u043e\u0439 \u0442\u0430\u0431\u043b\u0438\u0446\u0430\u0445 SQL &#8211; Structured Query Language DDL &#8211; [&hellip;]","og_url":"https:\/\/merkulova.thkit.ee\/wp20\/andmebaasid\/","og_site_name":"Irina Merkulova &otilde;pimapp | portfoolio","article_modified_time":"2023-11-23T10:52:03+00:00","twitter_card":"summary_large_image","twitter_misc":{"Est. reading time":"1 minut"},"schema":{"@context":"https:\/\/schema.org","@graph":[{"@type":"WebPage","@id":"https:\/\/merkulova.thkit.ee\/wp20\/andmebaasid\/","url":"https:\/\/merkulova.thkit.ee\/wp20\/andmebaasid\/","name":"Andmebaasid - Irina Merkulova &otilde;pimapp | portfoolio","isPartOf":{"@id":"https:\/\/merkulova.thkit.ee\/wp20\/#website"},"datePublished":"2021-09-03T06:04:19+00:00","dateModified":"2023-11-23T10:52:03+00:00","breadcrumb":{"@id":"https:\/\/merkulova.thkit.ee\/wp20\/andmebaasid\/#breadcrumb"},"inLanguage":"et","potentialAction":[{"@type":"ReadAction","target":["https:\/\/merkulova.thkit.ee\/wp20\/andmebaasid\/"]}]},{"@type":"BreadcrumbList","@id":"https:\/\/merkulova.thkit.ee\/wp20\/andmebaasid\/#breadcrumb","itemListElement":[{"@type":"ListItem","position":1,"name":"\u0413\u043b\u0430\u0432\u043d\u0430\u044f \u0441\u0442\u0440\u0430\u043d\u0438\u0446\u0430","item":"https:\/\/merkulova.thkit.ee\/wp20\/"},{"@type":"ListItem","position":2,"name":"Andmebaasid"}]},{"@type":"WebSite","@id":"https:\/\/merkulova.thkit.ee\/wp20\/#website","url":"https:\/\/merkulova.thkit.ee\/wp20\/","name":"Veebirakenduse portfoolio","description":"Noorem Tarkvaraarendaja eriala","publisher":{"@id":"https:\/\/merkulova.thkit.ee\/wp20\/#\/schema\/person\/3e81f4867c46822cdeca159fa89142ae"},"potentialAction":[{"@type":"SearchAction","target":{"@type":"EntryPoint","urlTemplate":"https:\/\/merkulova.thkit.ee\/wp20\/?s={search_term_string}"},"query-input":{"@type":"PropertyValueSpecification","valueRequired":true,"valueName":"search_term_string"}}],"inLanguage":"et"},{"@type":["Person","Organization"],"@id":"https:\/\/merkulova.thkit.ee\/wp20\/#\/schema\/person\/3e81f4867c46822cdeca159fa89142ae","name":"admin","image":{"@type":"ImageObject","inLanguage":"et","@id":"https:\/\/merkulova.thkit.ee\/wp20\/#\/schema\/person\/image\/","url":"https:\/\/secure.gravatar.com\/avatar\/4c53fa504772b2274d9d09d84825a2c569865fca538b5b70247d8f1668b9eb51?s=96&d=mm&r=g","contentUrl":"https:\/\/secure.gravatar.com\/avatar\/4c53fa504772b2274d9d09d84825a2c569865fca538b5b70247d8f1668b9eb51?s=96&d=mm&r=g","caption":"admin"},"logo":{"@id":"https:\/\/merkulova.thkit.ee\/wp20\/#\/schema\/person\/image\/"},"sameAs":["https:\/\/merkulova.thkit.ee\/wp20"]}]}},"_links":{"self":[{"href":"https:\/\/merkulova.thkit.ee\/wp20\/wp-json\/wp\/v2\/pages\/218","targetHints":{"allow":["GET"]}}],"collection":[{"href":"https:\/\/merkulova.thkit.ee\/wp20\/wp-json\/wp\/v2\/pages"}],"about":[{"href":"https:\/\/merkulova.thkit.ee\/wp20\/wp-json\/wp\/v2\/types\/page"}],"author":[{"embeddable":true,"href":"https:\/\/merkulova.thkit.ee\/wp20\/wp-json\/wp\/v2\/users\/1"}],"replies":[{"embeddable":true,"href":"https:\/\/merkulova.thkit.ee\/wp20\/wp-json\/wp\/v2\/comments?post=218"}],"version-history":[{"count":2,"href":"https:\/\/merkulova.thkit.ee\/wp20\/wp-json\/wp\/v2\/pages\/218\/revisions"}],"predecessor-version":[{"id":433,"href":"https:\/\/merkulova.thkit.ee\/wp20\/wp-json\/wp\/v2\/pages\/218\/revisions\/433"}],"wp:attachment":[{"href":"https:\/\/merkulova.thkit.ee\/wp20\/wp-json\/wp\/v2\/media?parent=218"}],"curies":[{"name":"wp","href":"https:\/\/api.w.org\/{rel}","templated":true}]}}