{"id":308,"date":"2021-10-26T09:24:47","date_gmt":"2021-10-26T07:24:47","guid":{"rendered":"https:\/\/merkulova.thkit.ee\/wp20\/?page_id=308"},"modified":"2025-03-13T09:20:27","modified_gmt":"2025-03-13T07:20:27","slug":"seo-seadistamine","status":"publish","type":"page","link":"https:\/\/merkulova.thkit.ee\/wp20\/seo-seadistamine\/","title":{"rendered":"SEO seadistamine"},"content":{"rendered":"\n<ol class=\"wp-block-list\">\n<li>SEO YOAST plugini installeerimine ja aktiveerimine<\/li>\n<\/ol>\n\n\n\n<figure class=\"wp-block-image size-full\"><img loading=\"lazy\" decoding=\"async\" width=\"387\" height=\"246\" src=\"https:\/\/merkulova.thkit.ee\/wp20\/wp-content\/uploads\/2025\/03\/image.png\" alt=\"\" class=\"wp-image-593\" srcset=\"https:\/\/merkulova.thkit.ee\/wp20\/wp-content\/uploads\/2025\/03\/image.png 387w, https:\/\/merkulova.thkit.ee\/wp20\/wp-content\/uploads\/2025\/03\/image-300x191.png 300w, https:\/\/merkulova.thkit.ee\/wp20\/wp-content\/uploads\/2025\/03\/image-150x95.png 150w\" sizes=\"auto, (max-width: 387px) 100vw, 387px\" \/><\/figure>\n\n\n\n<ol class=\"wp-block-list\">\n<li>SEO plugin seaded:<br>-Google Search Console +Add Property (https:\/\/merkulova.thkit.ee\/wp20) ja saada Verification Code (HTML tag)<\/li>\n<\/ol>\n\n\n\n<figure class=\"wp-block-image size-full\"><img loading=\"lazy\" decoding=\"async\" width=\"581\" height=\"641\" src=\"https:\/\/merkulova.thkit.ee\/wp20\/wp-content\/uploads\/2021\/10\/image.png\" alt=\"\" class=\"wp-image-309\" srcset=\"https:\/\/merkulova.thkit.ee\/wp20\/wp-content\/uploads\/2021\/10\/image.png 581w, https:\/\/merkulova.thkit.ee\/wp20\/wp-content\/uploads\/2021\/10\/image-272x300.png 272w, https:\/\/merkulova.thkit.ee\/wp20\/wp-content\/uploads\/2021\/10\/image-136x150.png 136w\" sizes=\"auto, (max-width: 581px) 100vw, 581px\" \/><\/figure>\n\n\n\n<p>3. Kood kopeerida ja sisestada wordpressi SEO seadistusse. Salvesta!<br><\/p>\n\n\n\n<figure class=\"wp-block-image size-full\"><img loading=\"lazy\" decoding=\"async\" width=\"704\" height=\"508\" src=\"https:\/\/merkulova.thkit.ee\/wp20\/wp-content\/uploads\/2021\/10\/image-1.png\" alt=\"\" class=\"wp-image-313\" srcset=\"https:\/\/merkulova.thkit.ee\/wp20\/wp-content\/uploads\/2021\/10\/image-1.png 704w, https:\/\/merkulova.thkit.ee\/wp20\/wp-content\/uploads\/2021\/10\/image-1-300x216.png 300w, https:\/\/merkulova.thkit.ee\/wp20\/wp-content\/uploads\/2021\/10\/image-1-150x108.png 150w, https:\/\/merkulova.thkit.ee\/wp20\/wp-content\/uploads\/2021\/10\/image-1-624x450.png 624w\" sizes=\"auto, (max-width: 704px) 100vw, 704px\" \/><\/figure>\n\n\n\n<p>4. SITEMAP &#8212; Veebilehe kaart &#8211; Kopeerida XML sitemap<\/p>\n\n\n\n<figure class=\"wp-block-image size-full\"><img loading=\"lazy\" decoding=\"async\" width=\"534\" height=\"621\" src=\"https:\/\/merkulova.thkit.ee\/wp20\/wp-content\/uploads\/2021\/10\/image-2.png\" alt=\"\" class=\"wp-image-316\" srcset=\"https:\/\/merkulova.thkit.ee\/wp20\/wp-content\/uploads\/2021\/10\/image-2.png 534w, https:\/\/merkulova.thkit.ee\/wp20\/wp-content\/uploads\/2021\/10\/image-2-258x300.png 258w, https:\/\/merkulova.thkit.ee\/wp20\/wp-content\/uploads\/2021\/10\/image-2-129x150.png 129w\" sizes=\"auto, (max-width: 534px) 100vw, 534px\" \/><\/figure>\n\n\n\n<p>5. Sisestada xml aadress Google Search Console&#8212;Sitemaps ja V\u00e4rskendada leht(F5) et staatus on roheline<\/p>\n\n\n\n<figure class=\"wp-block-image size-large\"><img loading=\"lazy\" decoding=\"async\" width=\"1024\" height=\"540\" src=\"https:\/\/merkulova.thkit.ee\/wp20\/wp-content\/uploads\/2021\/10\/image-3-1024x540.png\" alt=\"\" class=\"wp-image-317\" srcset=\"https:\/\/merkulova.thkit.ee\/wp20\/wp-content\/uploads\/2021\/10\/image-3-1024x540.png 1024w, https:\/\/merkulova.thkit.ee\/wp20\/wp-content\/uploads\/2021\/10\/image-3-300x158.png 300w, https:\/\/merkulova.thkit.ee\/wp20\/wp-content\/uploads\/2021\/10\/image-3-768x405.png 768w, https:\/\/merkulova.thkit.ee\/wp20\/wp-content\/uploads\/2021\/10\/image-3-150x79.png 150w, https:\/\/merkulova.thkit.ee\/wp20\/wp-content\/uploads\/2021\/10\/image-3-624x329.png 624w, https:\/\/merkulova.thkit.ee\/wp20\/wp-content\/uploads\/2021\/10\/image-3.png 1158w\" sizes=\"auto, (max-width: 1024px) 100vw, 1024px\" \/><\/figure>\n\n\n\n<p>6. Tegime lahti LEHED&#8211;muuta ja SEO v\u00f5tmes\u00f5nade seadistamine, nii et valgusfoor on roheline!<\/p>\n\n\n\n<p>pilt Lehed<br>pilt google site:https:\/\/merkulova.thkit.ee\/wp20\/<\/p>\n\n\n\n<figure class=\"wp-block-image size-full\"><img loading=\"lazy\" decoding=\"async\" width=\"683\" height=\"547\" src=\"https:\/\/merkulova.thkit.ee\/wp20\/wp-content\/uploads\/2021\/10\/image-4.png\" alt=\"\" class=\"wp-image-322\" srcset=\"https:\/\/merkulova.thkit.ee\/wp20\/wp-content\/uploads\/2021\/10\/image-4.png 683w, https:\/\/merkulova.thkit.ee\/wp20\/wp-content\/uploads\/2021\/10\/image-4-300x240.png 300w, https:\/\/merkulova.thkit.ee\/wp20\/wp-content\/uploads\/2021\/10\/image-4-150x120.png 150w, https:\/\/merkulova.thkit.ee\/wp20\/wp-content\/uploads\/2021\/10\/image-4-624x500.png 624w\" sizes=\"auto, (max-width: 683px) 100vw, 683px\" \/><\/figure>\n","protected":false},"excerpt":{"rendered":"<p>3. Kood kopeerida ja sisestada wordpressi SEO seadistusse. Salvesta! 4. SITEMAP &#8212; Veebilehe kaart &#8211; Kopeerida XML sitemap 5. Sisestada xml aadress Google Search Console&#8212;Sitemaps ja V\u00e4rskendada leht(F5) et staatus on roheline 6. Tegime lahti LEHED&#8211;muuta ja SEO v\u00f5tmes\u00f5nade seadistamine, nii et valgusfoor on roheline! pilt Lehedpilt google site:https:\/\/merkulova.thkit.ee\/wp20\/<\/p>\n","protected":false},"author":1,"featured_media":0,"parent":0,"menu_order":0,"comment_status":"closed","ping_status":"closed","template":"","meta":{"footnotes":""},"class_list":["post-308","page","type-page","status-publish","hentry"],"yoast_head":"<!-- This site is optimized with the Yoast SEO plugin v25.8 - https:\/\/yoast.com\/wordpress\/plugins\/seo\/ -->\n<title>SEO seadistamine - Irina Merkulova &otilde;pimapp | portfoolio<\/title>\n<meta name=\"description\" content=\"SEO seadistamine\" \/>\n<meta name=\"robots\" content=\"index, follow, max-snippet:-1, max-image-preview:large, max-video-preview:-1\" \/>\n<link rel=\"canonical\" href=\"https:\/\/merkulova.thkit.ee\/wp20\/seo-seadistamine\/\" \/>\n<meta property=\"og:locale\" content=\"et_EE\" \/>\n<meta property=\"og:type\" content=\"article\" \/>\n<meta property=\"og:title\" content=\"SEO seadistamine - Irina Merkulova &otilde;pimapp | portfoolio\" \/>\n<meta property=\"og:description\" content=\"SEO seadistamine\" \/>\n<meta property=\"og:url\" content=\"https:\/\/merkulova.thkit.ee\/wp20\/seo-seadistamine\/\" \/>\n<meta property=\"og:site_name\" content=\"Irina Merkulova &otilde;pimapp | portfoolio\" \/>\n<meta property=\"article:modified_time\" content=\"2025-03-13T07:20:27+00:00\" \/>\n<meta property=\"og:image\" content=\"https:\/\/merkulova.thkit.ee\/wp20\/wp-content\/uploads\/2021\/10\/image.png\" \/>\n<meta name=\"twitter:card\" content=\"summary_large_image\" \/>\n<meta name=\"twitter:label1\" content=\"Est. reading time\" \/>\n\t<meta name=\"twitter:data1\" content=\"2 minutit\" \/>\n<script type=\"application\/ld+json\" class=\"yoast-schema-graph\">{\"@context\":\"https:\/\/schema.org\",\"@graph\":[{\"@type\":\"WebPage\",\"@id\":\"https:\/\/merkulova.thkit.ee\/wp20\/seo-seadistamine\/\",\"url\":\"https:\/\/merkulova.thkit.ee\/wp20\/seo-seadistamine\/\",\"name\":\"SEO seadistamine - Irina Merkulova &otilde;pimapp | portfoolio\",\"isPartOf\":{\"@id\":\"https:\/\/merkulova.thkit.ee\/wp20\/#website\"},\"primaryImageOfPage\":{\"@id\":\"https:\/\/merkulova.thkit.ee\/wp20\/seo-seadistamine\/#primaryimage\"},\"image\":{\"@id\":\"https:\/\/merkulova.thkit.ee\/wp20\/seo-seadistamine\/#primaryimage\"},\"thumbnailUrl\":\"https:\/\/merkulova.thkit.ee\/wp20\/wp-content\/uploads\/2025\/03\/image.png\",\"datePublished\":\"2021-10-26T07:24:47+00:00\",\"dateModified\":\"2025-03-13T07:20:27+00:00\",\"description\":\"SEO seadistamine\",\"breadcrumb\":{\"@id\":\"https:\/\/merkulova.thkit.ee\/wp20\/seo-seadistamine\/#breadcrumb\"},\"inLanguage\":\"et\",\"potentialAction\":[{\"@type\":\"ReadAction\",\"target\":[\"https:\/\/merkulova.thkit.ee\/wp20\/seo-seadistamine\/\"]}]},{\"@type\":\"ImageObject\",\"inLanguage\":\"et\",\"@id\":\"https:\/\/merkulova.thkit.ee\/wp20\/seo-seadistamine\/#primaryimage\",\"url\":\"https:\/\/merkulova.thkit.ee\/wp20\/wp-content\/uploads\/2025\/03\/image.png\",\"contentUrl\":\"https:\/\/merkulova.thkit.ee\/wp20\/wp-content\/uploads\/2025\/03\/image.png\",\"width\":387,\"height\":246},{\"@type\":\"BreadcrumbList\",\"@id\":\"https:\/\/merkulova.thkit.ee\/wp20\/seo-seadistamine\/#breadcrumb\",\"itemListElement\":[{\"@type\":\"ListItem\",\"position\":1,\"name\":\"\u0413\u043b\u0430\u0432\u043d\u0430\u044f \u0441\u0442\u0440\u0430\u043d\u0438\u0446\u0430\",\"item\":\"https:\/\/merkulova.thkit.ee\/wp20\/\"},{\"@type\":\"ListItem\",\"position\":2,\"name\":\"SEO seadistamine\"}]},{\"@type\":\"WebSite\",\"@id\":\"https:\/\/merkulova.thkit.ee\/wp20\/#website\",\"url\":\"https:\/\/merkulova.thkit.ee\/wp20\/\",\"name\":\"Veebirakenduse portfoolio\",\"description\":\"Noorem Tarkvaraarendaja eriala\",\"publisher\":{\"@id\":\"https:\/\/merkulova.thkit.ee\/wp20\/#\/schema\/person\/3e81f4867c46822cdeca159fa89142ae\"},\"potentialAction\":[{\"@type\":\"SearchAction\",\"target\":{\"@type\":\"EntryPoint\",\"urlTemplate\":\"https:\/\/merkulova.thkit.ee\/wp20\/?s={search_term_string}\"},\"query-input\":{\"@type\":\"PropertyValueSpecification\",\"valueRequired\":true,\"valueName\":\"search_term_string\"}}],\"inLanguage\":\"et\"},{\"@type\":[\"Person\",\"Organization\"],\"@id\":\"https:\/\/merkulova.thkit.ee\/wp20\/#\/schema\/person\/3e81f4867c46822cdeca159fa89142ae\",\"name\":\"admin\",\"image\":{\"@type\":\"ImageObject\",\"inLanguage\":\"et\",\"@id\":\"https:\/\/merkulova.thkit.ee\/wp20\/#\/schema\/person\/image\/\",\"url\":\"https:\/\/secure.gravatar.com\/avatar\/4c53fa504772b2274d9d09d84825a2c569865fca538b5b70247d8f1668b9eb51?s=96&d=mm&r=g\",\"contentUrl\":\"https:\/\/secure.gravatar.com\/avatar\/4c53fa504772b2274d9d09d84825a2c569865fca538b5b70247d8f1668b9eb51?s=96&d=mm&r=g\",\"caption\":\"admin\"},\"logo\":{\"@id\":\"https:\/\/merkulova.thkit.ee\/wp20\/#\/schema\/person\/image\/\"},\"sameAs\":[\"https:\/\/merkulova.thkit.ee\/wp20\"]}]}<\/script>\n<!-- \/ Yoast SEO plugin. -->","yoast_head_json":{"title":"SEO seadistamine - Irina Merkulova &otilde;pimapp | portfoolio","description":"SEO seadistamine","robots":{"index":"index","follow":"follow","max-snippet":"max-snippet:-1","max-image-preview":"max-image-preview:large","max-video-preview":"max-video-preview:-1"},"canonical":"https:\/\/merkulova.thkit.ee\/wp20\/seo-seadistamine\/","og_locale":"et_EE","og_type":"article","og_title":"SEO seadistamine - Irina Merkulova &otilde;pimapp | portfoolio","og_description":"SEO seadistamine","og_url":"https:\/\/merkulova.thkit.ee\/wp20\/seo-seadistamine\/","og_site_name":"Irina Merkulova &otilde;pimapp | portfoolio","article_modified_time":"2025-03-13T07:20:27+00:00","og_image":[{"url":"https:\/\/merkulova.thkit.ee\/wp20\/wp-content\/uploads\/2021\/10\/image.png","type":"","width":"","height":""}],"twitter_card":"summary_large_image","twitter_misc":{"Est. reading time":"2 minutit"},"schema":{"@context":"https:\/\/schema.org","@graph":[{"@type":"WebPage","@id":"https:\/\/merkulova.thkit.ee\/wp20\/seo-seadistamine\/","url":"https:\/\/merkulova.thkit.ee\/wp20\/seo-seadistamine\/","name":"SEO seadistamine - Irina Merkulova &otilde;pimapp | portfoolio","isPartOf":{"@id":"https:\/\/merkulova.thkit.ee\/wp20\/#website"},"primaryImageOfPage":{"@id":"https:\/\/merkulova.thkit.ee\/wp20\/seo-seadistamine\/#primaryimage"},"image":{"@id":"https:\/\/merkulova.thkit.ee\/wp20\/seo-seadistamine\/#primaryimage"},"thumbnailUrl":"https:\/\/merkulova.thkit.ee\/wp20\/wp-content\/uploads\/2025\/03\/image.png","datePublished":"2021-10-26T07:24:47+00:00","dateModified":"2025-03-13T07:20:27+00:00","description":"SEO seadistamine","breadcrumb":{"@id":"https:\/\/merkulova.thkit.ee\/wp20\/seo-seadistamine\/#breadcrumb"},"inLanguage":"et","potentialAction":[{"@type":"ReadAction","target":["https:\/\/merkulova.thkit.ee\/wp20\/seo-seadistamine\/"]}]},{"@type":"ImageObject","inLanguage":"et","@id":"https:\/\/merkulova.thkit.ee\/wp20\/seo-seadistamine\/#primaryimage","url":"https:\/\/merkulova.thkit.ee\/wp20\/wp-content\/uploads\/2025\/03\/image.png","contentUrl":"https:\/\/merkulova.thkit.ee\/wp20\/wp-content\/uploads\/2025\/03\/image.png","width":387,"height":246},{"@type":"BreadcrumbList","@id":"https:\/\/merkulova.thkit.ee\/wp20\/seo-seadistamine\/#breadcrumb","itemListElement":[{"@type":"ListItem","position":1,"name":"\u0413\u043b\u0430\u0432\u043d\u0430\u044f \u0441\u0442\u0440\u0430\u043d\u0438\u0446\u0430","item":"https:\/\/merkulova.thkit.ee\/wp20\/"},{"@type":"ListItem","position":2,"name":"SEO seadistamine"}]},{"@type":"WebSite","@id":"https:\/\/merkulova.thkit.ee\/wp20\/#website","url":"https:\/\/merkulova.thkit.ee\/wp20\/","name":"Veebirakenduse portfoolio","description":"Noorem Tarkvaraarendaja eriala","publisher":{"@id":"https:\/\/merkulova.thkit.ee\/wp20\/#\/schema\/person\/3e81f4867c46822cdeca159fa89142ae"},"potentialAction":[{"@type":"SearchAction","target":{"@type":"EntryPoint","urlTemplate":"https:\/\/merkulova.thkit.ee\/wp20\/?s={search_term_string}"},"query-input":{"@type":"PropertyValueSpecification","valueRequired":true,"valueName":"search_term_string"}}],"inLanguage":"et"},{"@type":["Person","Organization"],"@id":"https:\/\/merkulova.thkit.ee\/wp20\/#\/schema\/person\/3e81f4867c46822cdeca159fa89142ae","name":"admin","image":{"@type":"ImageObject","inLanguage":"et","@id":"https:\/\/merkulova.thkit.ee\/wp20\/#\/schema\/person\/image\/","url":"https:\/\/secure.gravatar.com\/avatar\/4c53fa504772b2274d9d09d84825a2c569865fca538b5b70247d8f1668b9eb51?s=96&d=mm&r=g","contentUrl":"https:\/\/secure.gravatar.com\/avatar\/4c53fa504772b2274d9d09d84825a2c569865fca538b5b70247d8f1668b9eb51?s=96&d=mm&r=g","caption":"admin"},"logo":{"@id":"https:\/\/merkulova.thkit.ee\/wp20\/#\/schema\/person\/image\/"},"sameAs":["https:\/\/merkulova.thkit.ee\/wp20"]}]}},"_links":{"self":[{"href":"https:\/\/merkulova.thkit.ee\/wp20\/wp-json\/wp\/v2\/pages\/308","targetHints":{"allow":["GET"]}}],"collection":[{"href":"https:\/\/merkulova.thkit.ee\/wp20\/wp-json\/wp\/v2\/pages"}],"about":[{"href":"https:\/\/merkulova.thkit.ee\/wp20\/wp-json\/wp\/v2\/types\/page"}],"author":[{"embeddable":true,"href":"https:\/\/merkulova.thkit.ee\/wp20\/wp-json\/wp\/v2\/users\/1"}],"replies":[{"embeddable":true,"href":"https:\/\/merkulova.thkit.ee\/wp20\/wp-json\/wp\/v2\/comments?post=308"}],"version-history":[{"count":6,"href":"https:\/\/merkulova.thkit.ee\/wp20\/wp-json\/wp\/v2\/pages\/308\/revisions"}],"predecessor-version":[{"id":594,"href":"https:\/\/merkulova.thkit.ee\/wp20\/wp-json\/wp\/v2\/pages\/308\/revisions\/594"}],"wp:attachment":[{"href":"https:\/\/merkulova.thkit.ee\/wp20\/wp-json\/wp\/v2\/media?parent=308"}],"curies":[{"name":"wp","href":"https:\/\/api.w.org\/{rel}","templated":true}]}}