{"id":364,"date":"2022-09-30T12:23:52","date_gmt":"2022-09-30T10:23:52","guid":{"rendered":"https:\/\/merkulova.thkit.ee\/wp20\/?page_id=364"},"modified":"2022-09-30T12:36:00","modified_gmt":"2022-09-30T10:36:00","slug":"svelte-sapper","status":"publish","type":"page","link":"https:\/\/merkulova.thkit.ee\/wp20\/svelte-sapper\/","title":{"rendered":"SVELTE \/ Sapper"},"content":{"rendered":"\n<p><strong>pivotaltracker.com<\/strong> &#8211; projekti juhtimise veebileht, kuhu v\u00f5ib teha projekti plaani ja j\u00e4lgida projekti t\u00e4itmine\/<\/p>\n\n\n\n<p>pilt&#8230;<\/p>\n\n\n\n<p> <strong>SVELTE <\/strong>&#8211; \u0438\u043d\u0441\u0442\u0440\u0443\u043c\u0435\u043d\u0442 \u0434\u043b\u044f \u0441\u043e\u0437\u0434\u0430\u043d\u0438\u044f \u0431\u044b\u0441\u0442\u0440\u044b\u0445 \u0432\u0435\u0431-\u043f\u0440\u0438\u043b\u043e\u0436\u0435\u043d\u0438\u0439<\/p>\n\n\n\n<p><a href=\"https:\/\/svelte.dev\/tutorial\/basics\">https:\/\/svelte.dev\/tutorial\/basics<\/a> kasutaja juhendid<\/p>\n\n\n\n<p><strong>Svelte eelised<\/strong> &#8211; kiirem ja lihtsaim kui teised React<\/p>\n\n\n\n<p>Sapper &#8211; library -\u0431\u0438\u0431\u043b\u0438\u043e\u0442\u0435\u043a\u0430 \u0434\u043b\u044f Svelte <a href=\"https:\/\/sapper.svelte.dev\/docs\" target=\"_blank\" rel=\"noreferrer noopener\">https:\/\/sapper.svelte.dev\/docs<\/a><\/p>\n\n\n\n<p>\u0441\u043e\u0437\u0434\u0430\u043d\u0438\u0435 \u0431\u0438\u0431\u043b\u0438\u043e\u0442\u0435\u043a\u0438 sapper:<\/p>\n\n\n\n<p>npx degit &#8220;sveltejs\/sapper-template#rollup&#8221; . &#8211;force<br>&#8211;force  \u043e\u0437\u043d\u0430\u0447\u0430\u0435\u0442 \u0447\u0442\u043e \u0431\u0438\u0431\u043b\u0438\u043e\u0442\u0435\u043a\u0430 \u0438\u043d\u0441\u0442\u0430\u043b\u0438\u0440\u0443\u0435\u0442\u0441\u044f \u0432 \u043a\u043e\u0440\u043d\u0435\u0432\u043e\u0439 \u043a\u0430\u0442\u0430\u043b\u043e\u0433<\/p>\n\n\n\n<p><strong>Sapper server installeerimine <\/strong><br>npm i<\/p>\n\n\n\n<p><strong>Serveri k\u00e4ivitamine <\/strong>\u0437\u0430\u043f\u0443\u0441\u043a<br>npm run dev<\/p>\n","protected":false},"excerpt":{"rendered":"<p>pivotaltracker.com &#8211; projekti juhtimise veebileht, kuhu v\u00f5ib teha projekti plaani ja j\u00e4lgida projekti t\u00e4itmine\/ pilt&#8230; SVELTE &#8211; \u0438\u043d\u0441\u0442\u0440\u0443\u043c\u0435\u043d\u0442 \u0434\u043b\u044f \u0441\u043e\u0437\u0434\u0430\u043d\u0438\u044f \u0431\u044b\u0441\u0442\u0440\u044b\u0445 \u0432\u0435\u0431-\u043f\u0440\u0438\u043b\u043e\u0436\u0435\u043d\u0438\u0439 https:\/\/svelte.dev\/tutorial\/basics kasutaja juhendid Svelte eelised &#8211; kiirem ja lihtsaim kui teised React Sapper &#8211; library -\u0431\u0438\u0431\u043b\u0438\u043e\u0442\u0435\u043a\u0430 \u0434\u043b\u044f Svelte https:\/\/sapper.svelte.dev\/docs \u0441\u043e\u0437\u0434\u0430\u043d\u0438\u0435 \u0431\u0438\u0431\u043b\u0438\u043e\u0442\u0435\u043a\u0438 sapper: npx degit &#8220;sveltejs\/sapper-template#rollup&#8221; . &#8211;force&#8211;force \u043e\u0437\u043d\u0430\u0447\u0430\u0435\u0442 \u0447\u0442\u043e \u0431\u0438\u0431\u043b\u0438\u043e\u0442\u0435\u043a\u0430 \u0438\u043d\u0441\u0442\u0430\u043b\u0438\u0440\u0443\u0435\u0442\u0441\u044f \u0432 \u043a\u043e\u0440\u043d\u0435\u0432\u043e\u0439 [&hellip;]<\/p>\n","protected":false},"author":1,"featured_media":0,"parent":0,"menu_order":0,"comment_status":"closed","ping_status":"closed","template":"","meta":{"footnotes":""},"class_list":["post-364","page","type-page","status-publish","hentry"],"yoast_head":"<!-- This site is optimized with the Yoast SEO plugin v25.8 - https:\/\/yoast.com\/wordpress\/plugins\/seo\/ -->\n<title>SVELTE \/ Sapper - Irina Merkulova &otilde;pimapp | portfoolio<\/title>\n<meta name=\"robots\" content=\"index, follow, max-snippet:-1, max-image-preview:large, max-video-preview:-1\" \/>\n<link rel=\"canonical\" href=\"https:\/\/merkulova.thkit.ee\/wp20\/svelte-sapper\/\" \/>\n<meta property=\"og:locale\" content=\"et_EE\" \/>\n<meta property=\"og:type\" content=\"article\" \/>\n<meta property=\"og:title\" content=\"SVELTE \/ Sapper - Irina Merkulova &otilde;pimapp | portfoolio\" \/>\n<meta property=\"og:description\" content=\"pivotaltracker.com &#8211; projekti juhtimise veebileht, kuhu v\u00f5ib teha projekti plaani ja j\u00e4lgida projekti t\u00e4itmine\/ pilt&#8230; SVELTE &#8211; \u0438\u043d\u0441\u0442\u0440\u0443\u043c\u0435\u043d\u0442 \u0434\u043b\u044f \u0441\u043e\u0437\u0434\u0430\u043d\u0438\u044f \u0431\u044b\u0441\u0442\u0440\u044b\u0445 \u0432\u0435\u0431-\u043f\u0440\u0438\u043b\u043e\u0436\u0435\u043d\u0438\u0439 https:\/\/svelte.dev\/tutorial\/basics kasutaja juhendid Svelte eelised &#8211; kiirem ja lihtsaim kui teised React Sapper &#8211; library -\u0431\u0438\u0431\u043b\u0438\u043e\u0442\u0435\u043a\u0430 \u0434\u043b\u044f Svelte https:\/\/sapper.svelte.dev\/docs \u0441\u043e\u0437\u0434\u0430\u043d\u0438\u0435 \u0431\u0438\u0431\u043b\u0438\u043e\u0442\u0435\u043a\u0438 sapper: npx degit &#8220;sveltejs\/sapper-template#rollup&#8221; . &#8211;force&#8211;force \u043e\u0437\u043d\u0430\u0447\u0430\u0435\u0442 \u0447\u0442\u043e \u0431\u0438\u0431\u043b\u0438\u043e\u0442\u0435\u043a\u0430 \u0438\u043d\u0441\u0442\u0430\u043b\u0438\u0440\u0443\u0435\u0442\u0441\u044f \u0432 \u043a\u043e\u0440\u043d\u0435\u0432\u043e\u0439 [&hellip;]\" \/>\n<meta property=\"og:url\" content=\"https:\/\/merkulova.thkit.ee\/wp20\/svelte-sapper\/\" \/>\n<meta property=\"og:site_name\" content=\"Irina Merkulova &otilde;pimapp | portfoolio\" \/>\n<meta property=\"article:modified_time\" content=\"2022-09-30T10:36:00+00:00\" \/>\n<meta name=\"twitter:card\" content=\"summary_large_image\" \/>\n<script type=\"application\/ld+json\" class=\"yoast-schema-graph\">{\"@context\":\"https:\/\/schema.org\",\"@graph\":[{\"@type\":\"WebPage\",\"@id\":\"https:\/\/merkulova.thkit.ee\/wp20\/svelte-sapper\/\",\"url\":\"https:\/\/merkulova.thkit.ee\/wp20\/svelte-sapper\/\",\"name\":\"SVELTE \/ Sapper - Irina Merkulova &otilde;pimapp | portfoolio\",\"isPartOf\":{\"@id\":\"https:\/\/merkulova.thkit.ee\/wp20\/#website\"},\"datePublished\":\"2022-09-30T10:23:52+00:00\",\"dateModified\":\"2022-09-30T10:36:00+00:00\",\"breadcrumb\":{\"@id\":\"https:\/\/merkulova.thkit.ee\/wp20\/svelte-sapper\/#breadcrumb\"},\"inLanguage\":\"et\",\"potentialAction\":[{\"@type\":\"ReadAction\",\"target\":[\"https:\/\/merkulova.thkit.ee\/wp20\/svelte-sapper\/\"]}]},{\"@type\":\"BreadcrumbList\",\"@id\":\"https:\/\/merkulova.thkit.ee\/wp20\/svelte-sapper\/#breadcrumb\",\"itemListElement\":[{\"@type\":\"ListItem\",\"position\":1,\"name\":\"\u0413\u043b\u0430\u0432\u043d\u0430\u044f \u0441\u0442\u0440\u0430\u043d\u0438\u0446\u0430\",\"item\":\"https:\/\/merkulova.thkit.ee\/wp20\/\"},{\"@type\":\"ListItem\",\"position\":2,\"name\":\"SVELTE \/ Sapper\"}]},{\"@type\":\"WebSite\",\"@id\":\"https:\/\/merkulova.thkit.ee\/wp20\/#website\",\"url\":\"https:\/\/merkulova.thkit.ee\/wp20\/\",\"name\":\"Veebirakenduse portfoolio\",\"description\":\"Noorem Tarkvaraarendaja eriala\",\"publisher\":{\"@id\":\"https:\/\/merkulova.thkit.ee\/wp20\/#\/schema\/person\/3e81f4867c46822cdeca159fa89142ae\"},\"potentialAction\":[{\"@type\":\"SearchAction\",\"target\":{\"@type\":\"EntryPoint\",\"urlTemplate\":\"https:\/\/merkulova.thkit.ee\/wp20\/?s={search_term_string}\"},\"query-input\":{\"@type\":\"PropertyValueSpecification\",\"valueRequired\":true,\"valueName\":\"search_term_string\"}}],\"inLanguage\":\"et\"},{\"@type\":[\"Person\",\"Organization\"],\"@id\":\"https:\/\/merkulova.thkit.ee\/wp20\/#\/schema\/person\/3e81f4867c46822cdeca159fa89142ae\",\"name\":\"admin\",\"image\":{\"@type\":\"ImageObject\",\"inLanguage\":\"et\",\"@id\":\"https:\/\/merkulova.thkit.ee\/wp20\/#\/schema\/person\/image\/\",\"url\":\"https:\/\/secure.gravatar.com\/avatar\/4c53fa504772b2274d9d09d84825a2c569865fca538b5b70247d8f1668b9eb51?s=96&d=mm&r=g\",\"contentUrl\":\"https:\/\/secure.gravatar.com\/avatar\/4c53fa504772b2274d9d09d84825a2c569865fca538b5b70247d8f1668b9eb51?s=96&d=mm&r=g\",\"caption\":\"admin\"},\"logo\":{\"@id\":\"https:\/\/merkulova.thkit.ee\/wp20\/#\/schema\/person\/image\/\"},\"sameAs\":[\"https:\/\/merkulova.thkit.ee\/wp20\"]}]}<\/script>\n<!-- \/ Yoast SEO plugin. -->","yoast_head_json":{"title":"SVELTE \/ Sapper - Irina Merkulova &otilde;pimapp | portfoolio","robots":{"index":"index","follow":"follow","max-snippet":"max-snippet:-1","max-image-preview":"max-image-preview:large","max-video-preview":"max-video-preview:-1"},"canonical":"https:\/\/merkulova.thkit.ee\/wp20\/svelte-sapper\/","og_locale":"et_EE","og_type":"article","og_title":"SVELTE \/ Sapper - Irina Merkulova &otilde;pimapp | portfoolio","og_description":"pivotaltracker.com &#8211; projekti juhtimise veebileht, kuhu v\u00f5ib teha projekti plaani ja j\u00e4lgida projekti t\u00e4itmine\/ pilt&#8230; SVELTE &#8211; \u0438\u043d\u0441\u0442\u0440\u0443\u043c\u0435\u043d\u0442 \u0434\u043b\u044f \u0441\u043e\u0437\u0434\u0430\u043d\u0438\u044f \u0431\u044b\u0441\u0442\u0440\u044b\u0445 \u0432\u0435\u0431-\u043f\u0440\u0438\u043b\u043e\u0436\u0435\u043d\u0438\u0439 https:\/\/svelte.dev\/tutorial\/basics kasutaja juhendid Svelte eelised &#8211; kiirem ja lihtsaim kui teised React Sapper &#8211; library -\u0431\u0438\u0431\u043b\u0438\u043e\u0442\u0435\u043a\u0430 \u0434\u043b\u044f Svelte https:\/\/sapper.svelte.dev\/docs \u0441\u043e\u0437\u0434\u0430\u043d\u0438\u0435 \u0431\u0438\u0431\u043b\u0438\u043e\u0442\u0435\u043a\u0438 sapper: npx degit &#8220;sveltejs\/sapper-template#rollup&#8221; . &#8211;force&#8211;force \u043e\u0437\u043d\u0430\u0447\u0430\u0435\u0442 \u0447\u0442\u043e \u0431\u0438\u0431\u043b\u0438\u043e\u0442\u0435\u043a\u0430 \u0438\u043d\u0441\u0442\u0430\u043b\u0438\u0440\u0443\u0435\u0442\u0441\u044f \u0432 \u043a\u043e\u0440\u043d\u0435\u0432\u043e\u0439 [&hellip;]","og_url":"https:\/\/merkulova.thkit.ee\/wp20\/svelte-sapper\/","og_site_name":"Irina Merkulova &otilde;pimapp | portfoolio","article_modified_time":"2022-09-30T10:36:00+00:00","twitter_card":"summary_large_image","schema":{"@context":"https:\/\/schema.org","@graph":[{"@type":"WebPage","@id":"https:\/\/merkulova.thkit.ee\/wp20\/svelte-sapper\/","url":"https:\/\/merkulova.thkit.ee\/wp20\/svelte-sapper\/","name":"SVELTE \/ Sapper - Irina Merkulova &otilde;pimapp | portfoolio","isPartOf":{"@id":"https:\/\/merkulova.thkit.ee\/wp20\/#website"},"datePublished":"2022-09-30T10:23:52+00:00","dateModified":"2022-09-30T10:36:00+00:00","breadcrumb":{"@id":"https:\/\/merkulova.thkit.ee\/wp20\/svelte-sapper\/#breadcrumb"},"inLanguage":"et","potentialAction":[{"@type":"ReadAction","target":["https:\/\/merkulova.thkit.ee\/wp20\/svelte-sapper\/"]}]},{"@type":"BreadcrumbList","@id":"https:\/\/merkulova.thkit.ee\/wp20\/svelte-sapper\/#breadcrumb","itemListElement":[{"@type":"ListItem","position":1,"name":"\u0413\u043b\u0430\u0432\u043d\u0430\u044f \u0441\u0442\u0440\u0430\u043d\u0438\u0446\u0430","item":"https:\/\/merkulova.thkit.ee\/wp20\/"},{"@type":"ListItem","position":2,"name":"SVELTE \/ Sapper"}]},{"@type":"WebSite","@id":"https:\/\/merkulova.thkit.ee\/wp20\/#website","url":"https:\/\/merkulova.thkit.ee\/wp20\/","name":"Veebirakenduse portfoolio","description":"Noorem Tarkvaraarendaja eriala","publisher":{"@id":"https:\/\/merkulova.thkit.ee\/wp20\/#\/schema\/person\/3e81f4867c46822cdeca159fa89142ae"},"potentialAction":[{"@type":"SearchAction","target":{"@type":"EntryPoint","urlTemplate":"https:\/\/merkulova.thkit.ee\/wp20\/?s={search_term_string}"},"query-input":{"@type":"PropertyValueSpecification","valueRequired":true,"valueName":"search_term_string"}}],"inLanguage":"et"},{"@type":["Person","Organization"],"@id":"https:\/\/merkulova.thkit.ee\/wp20\/#\/schema\/person\/3e81f4867c46822cdeca159fa89142ae","name":"admin","image":{"@type":"ImageObject","inLanguage":"et","@id":"https:\/\/merkulova.thkit.ee\/wp20\/#\/schema\/person\/image\/","url":"https:\/\/secure.gravatar.com\/avatar\/4c53fa504772b2274d9d09d84825a2c569865fca538b5b70247d8f1668b9eb51?s=96&d=mm&r=g","contentUrl":"https:\/\/secure.gravatar.com\/avatar\/4c53fa504772b2274d9d09d84825a2c569865fca538b5b70247d8f1668b9eb51?s=96&d=mm&r=g","caption":"admin"},"logo":{"@id":"https:\/\/merkulova.thkit.ee\/wp20\/#\/schema\/person\/image\/"},"sameAs":["https:\/\/merkulova.thkit.ee\/wp20"]}]}},"_links":{"self":[{"href":"https:\/\/merkulova.thkit.ee\/wp20\/wp-json\/wp\/v2\/pages\/364","targetHints":{"allow":["GET"]}}],"collection":[{"href":"https:\/\/merkulova.thkit.ee\/wp20\/wp-json\/wp\/v2\/pages"}],"about":[{"href":"https:\/\/merkulova.thkit.ee\/wp20\/wp-json\/wp\/v2\/types\/page"}],"author":[{"embeddable":true,"href":"https:\/\/merkulova.thkit.ee\/wp20\/wp-json\/wp\/v2\/users\/1"}],"replies":[{"embeddable":true,"href":"https:\/\/merkulova.thkit.ee\/wp20\/wp-json\/wp\/v2\/comments?post=364"}],"version-history":[{"count":3,"href":"https:\/\/merkulova.thkit.ee\/wp20\/wp-json\/wp\/v2\/pages\/364\/revisions"}],"predecessor-version":[{"id":370,"href":"https:\/\/merkulova.thkit.ee\/wp20\/wp-json\/wp\/v2\/pages\/364\/revisions\/370"}],"wp:attachment":[{"href":"https:\/\/merkulova.thkit.ee\/wp20\/wp-json\/wp\/v2\/media?parent=364"}],"curies":[{"name":"wp","href":"https:\/\/api.w.org\/{rel}","templated":true}]}}